divide 2978470508?
True
Is 33 a factor of 75528552?
True
Is 4 a factor of 28864444?
True
Is 35 a factor of 39234930?
True
Is 53344640 a multiple of 853?
False
Does 189 divide 50583403?
False
Is 24 a factor of 36857280?
True
Is 14429880 a multiple of 62?
True
Is 15 a factor of 200319585?
True
Does 180 divide 37062000?
True
Is 19587538 a multiple of 98?
False
Does 682 divide 616990754?
False
Does 9 divide 2338397?
False
Does 2235 divide 4081110?
True
Is 6 a factor of 4133150?
False
Does 82 divide 40363584?
False
Is 51292605 a multiple of 72?
False
Is 199557570 a multiple of 10?
True
Is 771877680 a multiple of 840?
True
Does 5804 divide 2300471971?
False
Does 962 divide 315527557?
False
Is 106 a factor of 2345462?
True
Does 115 divide 5320837?
False
Does 13 divide 78834945?
False
Is 44614126 a multiple of 477?
False
Is 320 a factor of 174612160?
True
Is 30535205 a multiple of 5?
True
Does 273 divide 15929546?
False
Is 124223883 a multiple of 228?
False
Is 171 a factor of 508716621?
True
Does 308 divide 709577553?
False
Is 281 a factor of 40085774?
True
Is 4 a factor of 37614671?
False
Does 124 divide 109246505?
False
Is 6406 a factor of 830044638?
True
Is 130 a factor of 861640650?
True
Is 166286893 a multiple of 253?
False
Is 3012 a factor of 407990460?
True
Is 2127 a factor of 406578177?
True
Does 634 divide 17896342?
False
Does 149 divide 5957318?
True
Does 47 divide 13396316?
True
Is 4513456 a multiple of 4?
True
Is 10392772 a multiple of 4?
True
Is 211571001 a multiple of 31?
True
Does 1307 divide 829729345?
True
Is 20534125 a multiple of 36?
False
Is 14842686 a multiple of 313?
False
Is 3678 a factor of 113208840?
True
Is 3986 a factor of 1323308154?
True
Is 1180 a factor of 66817500?
True
Is 1059 a factor of 105468436?
False
Is 112 a factor of 28990304?
True
Does 5690 divide 847644990?
True
Does 670 divide 44736829?
False
Is 3972583 a multiple of 585?
False
Does 7327 divide 688327688?
True
Is 7331561 a multiple of 91?
False
Does 97 divide 29820322?
True
Is 62 a factor of 195015916?
True
Is 57289730 a multiple of 593?
True
Is 5 a factor of 262361615?
True
Does 8683 divide 149159285?
False
Does 14 divide 44559548?
False
Is 16088503 a multiple of 500?
False
Does 85 divide 28321915?
True
Does 211 divide 221044233?
True
Is 17 a factor of 2105569028?
False
Is 4276 a factor of 805874723?
False
Is 213055196 a multiple of 83?
False
Is 14022927 a multiple of 234?
False
Is 336 a factor of 18167520?
True
Does 314 divide 45328726?
True
Is 112560867 a multiple of 369?
True
Is 102716134 a multiple of 13?
False
Is 7755116 a multiple of 29?
False
Does 13 divide 46466137?
False
Does 112 divide 119179087?
False
Is 72233155 a multiple of 127?
True
Does 10 divide 137176423?
False
Does 508 divide 1917171580?
False
Is 1682375520 a multiple of 15?
True
Does 546 divide 32649162?
True
Does 36 divide 493679078?
False
Is 327091200 a multiple of 480?
True
Does 55 divide 317037160?
True
Is 46 a factor of 143243378?
False
Is 10 a factor of 9690640?
True
Is 1964345 a multiple of 5?
True
Is 5844926553 a multiple of 12?
False
Is 107 a factor of 14901890?
True
Is 3263 a factor of 248410827?
False
Does 211 divide 4680704?
False
Is 347 a factor of 3564610244?
True
Does 264 divide 708900192?
True
Is 87045587 a multiple of 6?
False
Is 953 a factor of 159579850?
True
Does 15 divide 6466337015?
False
Does 28 divide 608441276?
False
Is 833075595 a multiple of 223?
True
Is 31 a factor of 103552648?
True
Is 54222945 a multiple of 85?
True
Is 207 a factor of 55006836?
False
Is 130 a factor of 2860097463?
False
Does 7 divide 104246784?
False
Is 2 a factor of 182190551?
False
Is 15 a factor of 851325720?
True
Is 1025584035 a multiple of 15?
True
Is 109 a factor of 21121902?
False
Is 77633427 a multiple of 1129?
True
Is 294500961 a multiple of 617?
False
Is 3649 a factor of 560457208?
True
Does 73 divide 626189023?
False
Is 92 a factor of 407953392?
True
Is 3854841 even?
False
Does 597 divide 338199306?
True
Is 310161296 a multiple of 16?
True
Does 6 divide 13121214?
True
Is 189017269 a multiple of 24?
False
Is 17216928 a multiple of 96?
True
Does 7 divide 688803521?
True
Is 2753 a factor of 2239653596?
True
Is 675 a factor of 706007343?
False
Is 27551499 a multiple of 20?
False
Is 31163370 a multiple of 3255?
True
Is 169 a factor of 47156393?
False
Does 1004 divide 109182684?
False
Is 55189022 a multiple of 15?
False
Is 57 a factor of 30560628?
False
Does 2094 divide 360475818?
True
Is 333796320 a multiple of 195?
True
Is 22 a factor of 395729708?
True
Is 115 a factor of 1449908632?
False
Is 1701 a factor of 39320316?
True
Is 24073162 a multiple of 61?
True
Is 44619480 a multiple of 123?
True
Is 1306 a factor of 170952442?
False
Is 23685112 a multiple of 2552?
True
Is 506335280 a multiple of 557?
True
Does 81 divide 13699773?
True
Is 2833173279 a multiple of 5635?
False
Is 15 a factor of 8624412?
False
Is 236 a factor of 1222566140?
True
Does 521 divide 62558033?
True
Is 1147435 a multiple of 3275?
False
Is 26000763 a multiple of 16?
False
Does 25 divide 310904655?
False
Is 865697139 a multiple of 987?
False
Does 68 divide 14353780?
True
Does 1328 divide 104788204?
False
Does 243 divide 454641852?
False
Is 973099272 a multiple of 12806?
False
Does 1568 divide 2448907104?
True
Is 57077280 a multiple of 288?
True
Is 56537367 a multiple of 1272?
False
Does 21 divide 419451081?
True
Is 17142905 a multiple of 15?
False
Is 852 a factor of 327631264?
False
Is 9 a factor of 198132597?
True
Is 174379318 a multiple of 457?
True
Is 121607371 a multiple of 1146?
False
Does 2984 divide 356072510?
False
Does 732 divide 105197184?
True
Is 501940425 a multiple of 5?
True
Is 6388 a factor of 433547172?
True
Is 439116480 a multiple of 12?
True
Is 23 a factor of 12334624?
True
Is 2823 a factor of 153187272?
True
Does 1787 divide 86823182?
True
Is 102 a factor of 1071472524?
False
Does 14 divide 179777045?
False
Is 295411110 a multiple of 15?
True
Does 3080 divide 119614880?
True
Does 5308 divide 352870532?
True
Is 270 a factor of 486080460?
True
Does 57 divide 1537632627?
True
Does 153 divide 84538773?
True
Is 7102573 even?
False
Is 7 a factor of 467355?
True
Is 138 a factor of 618308862?
True
Is 2372 a factor of 2006712?
True
Is 433857483 a multiple of 167?
True
Is 48 a factor of 430596912?
True
Does 20 divide 147368360?
True
Is 3 a factor of 453939776?
False
Is 21294600 a multiple of 76?
False
Is 203148047 a multiple of 2517?
False
Does 7 divide 620796820?
True
Is 7 a factor of 155487862?
False
Is 62 a factor of 37121291?
False
Is 104860132 a multiple of 1012?
False
Is 6324 a factor of 356348305?
False
Is 166194464 a multiple of 16?
True
Is 1021056 a multiple of 24?
True
Is 1039201545 a multiple of 597?
False
Does 65 divide 733822569?
False
Is 1564 a factor of 2397042704?
True
Is 192403848 a multiple of 12?
True
Is 3 a factor of 1061770?
False
Is 64 a factor of 208435264?
True
Is 938 a factor of 1027110?
True
Is 534344049 a multiple of 2447?
True
Is 24 a factor of 10195242?
False
Does 11 divide 236669752?
True
Does 89 divide 25857971?
True
Is 24003512 a multiple of 26?
True
Is 29055180 a multiple of 3?
True
Does 11 divide 1978682789?
False
Does 7 divide 63653947?
True
Is 6908930 a multiple of 229?
True
Is 341 a factor of 821317080?
False
Does 236 divide 23075372?
True
Is 93 a factor of 59345904?
True
Is 6 a factor of 195047850?
True
Does 939 divide 925431450?
True
Does 123 divide 365986036?
False
Is 656347608 a multiple of 24?
True
Is 1602827580 a multiple of 6151?
True
Is 74 a factor of 958428927?
False
Is 462 a factor of 109586400?
True
Is 246422256 a multiple of 3408?
True
Does 69 divide 1600068807?
True
Is 3166788235 a multiple of 115?
True
Does 503 divide 33288540?
True
Is 2153 a factor of 196311632?
False
Does 61 divide 900446700?
False
Is 28 a factor of 58958956?
True
Is 23 a factor of 8330770522?
True
Is 9 a factor of 7833216?
False
Is 397701780 a multiple of 470?
True
Is 92792398 a multiple of 261?
False
Is 1391 a factor of 130948740?
True
Does 67 divide 112586867?
True
Is 11 a factor of 4622541?
True
Is 3486985709 a multiple of 24?
False
Is 2317 a factor of 22998784?
False
Does 128 divide 5423360?
True
Is 286603152 a multiple of 22?
True
Is 984545654 a multiple of 28?
False
Is 1597 a fac